[INFO] cloning repository https://github.com/HelveticaScenario/Rosebud-rs
[INFO] running `Command { std: "git" "-c" "credential.helper=" "-c" "credential.helper=/workspace/cargo-home/bin/git-credential-null" "clone" "--bare" "https://github.com/HelveticaScenario/Rosebud-rs" "/workspace/cache/git-repos/https%3A%2F%2Fgithub.com%2FHelveticaScenario%2FRosebud-rs", kill_on_drop: false }`
[INFO] [stderr] Cloning into bare repository '/workspace/cache/git-repos/https%3A%2F%2Fgithub.com%2FHelveticaScenario%2FRosebud-rs'...
[INFO] running `Command { std: "git" "rev-parse" "HEAD", kill_on_drop: false }`
[INFO] [stdout] e9771679d21b6d842f1e7e55b8beec02227651c0
[INFO] checking HelveticaScenario/Rosebud-rs against try#72f88fc4e9458f89516a0b8b0868f3718aec5b47 for pr-74989
[INFO] running `Command { std: "git" "clone" "/workspace/cache/git-repos/https%3A%2F%2Fgithub.com%2FHelveticaScenario%2FRosebud-rs" "/workspace/builds/worker-2/source", kill_on_drop: false }`
[INFO] [stderr] Cloning into '/workspace/builds/worker-2/source'...
[INFO] [stderr] done.
[INFO] validating manifest of git repo https://github.com/HelveticaScenario/Rosebud-rs on toolchain 72f88fc4e9458f89516a0b8b0868f3718aec5b47
[INFO] running `Command { std: "/workspace/cargo-home/bin/cargo" "+72f88fc4e9458f89516a0b8b0868f3718aec5b47" "read-manifest" "--manifest-path" "Cargo.toml", kill_on_drop: false }`
[INFO] started tweaking git repo https://github.com/HelveticaScenario/Rosebud-rs
[INFO] removed path dependency lua from git repo https://github.com/HelveticaScenario/Rosebud-rs
[INFO] finished tweaking git repo https://github.com/HelveticaScenario/Rosebud-rs
[INFO] tweaked toml for git repo https://github.com/HelveticaScenario/Rosebud-rs written to /workspace/builds/worker-2/source/Cargo.toml
[INFO] crate git repo https://github.com/HelveticaScenario/Rosebud-rs already has a lockfile, it will not be regenerated
[INFO] running `Command { std: "/workspace/cargo-home/bin/cargo" "+72f88fc4e9458f89516a0b8b0868f3718aec5b47" "fetch" "--locked" "--manifest-path" "Cargo.toml", kill_on_drop: false }`
[INFO] [stderr] warning: dependency (lua) specified without providing a local path, Git repository, or version to use. This will be considered an error in future versions
[INFO] [stderr]     Updating crates.io index
[INFO] [stderr] error: the lock file /workspace/builds/worker-2/source/Cargo.lock needs to be updated but --locked was passed to prevent this
[INFO] [stderr] If you want to try to generate the lock file without accessing the network, use the --offline flag.
[INFO] the lockfile is outdated, regenerating it
[INFO] running `Command { std: "/workspace/cargo-home/bin/cargo" "+72f88fc4e9458f89516a0b8b0868f3718aec5b47" "generate-lockfile" "--manifest-path" "Cargo.toml" "-Zno-index-update", kill_on_drop: false }`
[INFO] [stderr]     Blocking waiting for file lock on package cache
[INFO] running `Command { std: "/workspace/cargo-home/bin/cargo" "+72f88fc4e9458f89516a0b8b0868f3718aec5b47" "fetch" "--locked" "--manifest-path" "Cargo.toml", kill_on_drop: false }`
[INFO] [stderr] warning: dependency (lua) specified without providing a local path, Git repository, or version to use. This will be considered an error in future versions
[INFO] [stderr]     Blocking waiting for file lock on package cache
[INFO] [stderr]     Blocking waiting for file lock on package cache
[INFO] [stderr]  Downloading crates ...
[INFO] [stderr]   Downloaded lua v0.0.10
[INFO] running `Command { std: "docker" "create" "-v" "/var/lib/crater-agent-workspace/builds/worker-2/target:/opt/rustwide/target:rw,Z" "-v" "/var/lib/crater-agent-workspace/builds/worker-2/source:/opt/rustwide/workdir:ro,Z" "-v" "/var/lib/crater-agent-workspace/cargo-home:/opt/rustwide/cargo-home:ro,Z" "-v" "/var/lib/crater-agent-workspace/rustup-home:/opt/rustwide/rustup-home:ro,Z" "-e" "SOURCE_DIR=/opt/rustwide/workdir" "-e" "CARGO_TARGET_DIR=/opt/rustwide/target" "-e" "CARGO_HOME=/opt/rustwide/cargo-home" "-e" "RUSTUP_HOME=/opt/rustwide/rustup-home" "-w" "/opt/rustwide/workdir" "-m" "1610612736" "--user" "0:0" "--network" "none" "rustops/crates-build-env@sha256:d92eaeed33fa75130ca1ee6c8a01d1ffb62bac859dfdfb3450e3e5d1c0146529" "/opt/rustwide/cargo-home/bin/cargo" "+72f88fc4e9458f89516a0b8b0868f3718aec5b47" "metadata" "--no-deps" "--format-version=1", kill_on_drop: false }`
[INFO] [stdout] 8d75246aab4145a437790d50a7c81f89a47ce0d97b56e70408e545dc2c6019c5
[INFO] [stderr] WARNING: Your kernel does not support swap limit capabilities or the cgroup is not mounted. Memory limited without swap.
[INFO] running `Command { std: "docker" "start" "-a" "8d75246aab4145a437790d50a7c81f89a47ce0d97b56e70408e545dc2c6019c5", kill_on_drop: false }`
[INFO] running `Command { std: "docker" "inspect" "8d75246aab4145a437790d50a7c81f89a47ce0d97b56e70408e545dc2c6019c5", kill_on_drop: false }`
[INFO] running `Command { std: "docker" "rm" "-f" "8d75246aab4145a437790d50a7c81f89a47ce0d97b56e70408e545dc2c6019c5", kill_on_drop: false }`
[INFO] [stdout] 8d75246aab4145a437790d50a7c81f89a47ce0d97b56e70408e545dc2c6019c5
[INFO] running `Command { std: "docker" "create" "-v" "/var/lib/crater-agent-workspace/builds/worker-2/target:/opt/rustwide/target:rw,Z" "-v" "/var/lib/crater-agent-workspace/builds/worker-2/source:/opt/rustwide/workdir:ro,Z" "-v" "/var/lib/crater-agent-workspace/cargo-home:/opt/rustwide/cargo-home:ro,Z" "-v" "/var/lib/crater-agent-workspace/rustup-home:/opt/rustwide/rustup-home:ro,Z" "-e" "SOURCE_DIR=/opt/rustwide/workdir" "-e" "CARGO_TARGET_DIR=/opt/rustwide/target" "-e" "CARGO_INCREMENTAL=0" "-e" "RUST_BACKTRACE=full" "-e" "RUSTFLAGS=--cap-lints=forbid" "-e" "CARGO_HOME=/opt/rustwide/cargo-home" "-e" "RUSTUP_HOME=/opt/rustwide/rustup-home" "-w" "/opt/rustwide/workdir" "-m" "1610612736" "--user" "0:0" "--network" "none" "rustops/crates-build-env@sha256:d92eaeed33fa75130ca1ee6c8a01d1ffb62bac859dfdfb3450e3e5d1c0146529" "/opt/rustwide/cargo-home/bin/cargo" "+72f88fc4e9458f89516a0b8b0868f3718aec5b47" "check" "--frozen" "--all" "--all-targets" "--message-format=json", kill_on_drop: false }`
[INFO] [stdout] 93196f9a2d65314dc1240e96af858ae1346a1b04c314c7800200a92274919f3b
[INFO] [stderr] WARNING: Your kernel does not support swap limit capabilities or the cgroup is not mounted. Memory limited without swap.
[INFO] running `Command { std: "docker" "start" "-a" "93196f9a2d65314dc1240e96af858ae1346a1b04c314c7800200a92274919f3b", kill_on_drop: false }`
[INFO] [stderr] warning: dependency (lua) specified without providing a local path, Git repository, or version to use. This will be considered an error in future versions
[INFO] [stderr]    Compiling libc v0.2.77
[INFO] [stderr]     Checking cfg-if v0.1.10
[INFO] [stderr]    Compiling syn v1.0.40
[INFO] [stderr]    Compiling getrandom v0.1.15
[INFO] [stderr]    Compiling version-compare v0.0.10
[INFO] [stderr]    Compiling crc32fast v1.2.0
[INFO] [stderr]    Compiling byteorder v1.3.4
[INFO] [stderr]    Compiling bitflags v1.2.1
[INFO] [stderr]     Checking adler32 v1.2.0
[INFO] [stderr]    Compiling gcc v0.3.55
[INFO] [stderr]    Compiling sdl2 v0.34.3
[INFO] [stderr]     Checking linked-hash-map v0.5.3
[INFO] [stderr]     Checking ppv-lite86 v0.2.9
[INFO] [stderr]     Checking lazy_static v1.4.0
[INFO] [stderr]     Checking bitflags v0.1.1
[INFO] [stderr]    Compiling proc-macro2 v1.0.21
[INFO] [stderr]    Compiling bzip2-sys v0.1.9+1.0.8
[INFO] [stderr]     Checking miniz_oxide v0.3.7
[INFO] [stderr]     Checking yaml-rust v0.4.4
[INFO] [stderr]    Compiling sdl2-sys v0.34.3
[INFO] [stderr]    Compiling quote v1.0.7
[INFO] [stderr]     Checking serde_yaml v0.8.13
[INFO] [stderr]    Compiling lua v0.0.10
[INFO] [stderr]     Checking time v0.1.44
[INFO] [stderr]     Checking flate2 v1.0.14
[INFO] [stderr]     Checking bzip2 v0.3.3
[INFO] [stderr]     Checking rand_core v0.5.1
[INFO] [stderr]     Checking rand_chacha v0.2.2
[INFO] [stderr]     Checking rand v0.7.3
[INFO] [stderr]    Compiling thiserror-impl v1.0.20
[INFO] [stderr]     Checking thiserror v1.0.20
[INFO] [stderr]     Checking zip v0.5.8
[INFO] [stderr]     Checking rosebud v0.1.0 (/opt/rustwide/workdir)
[INFO] [stdout] error[E0432]: unresolved import `sdl2::event::WindowEventId`
[INFO] [stdout]  --> src/system_sdl2.rs:5:5
[INFO] [stdout]   |
[INFO] [stdout] 5 | use sdl2::event::WindowEventId;
[INFO] [stdout]   |     ^^^^^^^^^^^^^-------------
[INFO] [stdout]   |     |            |
[INFO] [stdout]   |     |            help: a similar name exists in the module: `WindowEvent`
[INFO] [stdout]   |     no `WindowEventId` in `event`
[INFO] [stdout] 
[INFO] [stdout] 
[INFO] [stdout] error: cannot find macro `lua_extern` in this scope
[INFO] [stdout]   --> src/runtime_game.rs:87:2
[INFO] [stdout]    |
[INFO] [stdout] 87 |     lua_extern! {
[INFO] [stdout]    |     ^^^^^^^^^^
[INFO] [stdout] 
[INFO] [stdout] 
[INFO] [stdout] error[E0432]: unresolved import `sdl2::event::WindowEventId`
[INFO] [stdout]  --> src/system_sdl2.rs:5:5
[INFO] [stdout]   |
[INFO] [stdout] 5 | use sdl2::event::WindowEventId;
[INFO] [stdout]   |     ^^^^^^^^^^^^^-------------
[INFO] [stdout]   |     |            |
[INFO] [stdout]   |     |            help: a similar name exists in the module: `WindowEvent`
[INFO] [stdout]   |     no `WindowEventId` in `event`
[INFO] [stdout] 
[INFO] [stdout] 
[INFO] [stdout] error: cannot find macro `lua_extern` in this scope
[INFO] [stdout]   --> src/runtime_game.rs:87:2
[INFO] [stdout]    |
[INFO] [stdout] 87 |     lua_extern! {
[INFO] [stdout]    |     ^^^^^^^^^^
[INFO] [stdout] 
[INFO] [stdout] 
[INFO] [stdout] error[E0412]: cannot find type `Renderer` in module `sdl2::render`
[INFO] [stdout]   --> src/system_sdl2.rs:16:26
[INFO] [stdout]    |
[INFO] [stdout] 16 |     renderer: sdl2::render::Renderer<'a>,
[INFO] [stdout]    |                             ^^^^^^^^ not found in `sdl2::render`
[INFO] [stdout] 
[INFO] [stdout] 
[INFO] [stdout] error[E0412]: cannot find type `ExternState` in crate `lua`
[INFO] [stdout]   --> src/runtime.rs:13:53
[INFO] [stdout]    |
[INFO] [stdout] 13 | pub unsafe fn tolightuserdata_typed<T>(L: &mut lua::ExternState, idx: i32) -> *mut T {
[INFO] [stdout]    |                                                     ^^^^^^^^^^^ not found in `lua`
[INFO] [stdout] 
[INFO] [stdout] 
[INFO] [stdout] error[E0412]: cannot find type `CFunction` in crate `lua`
[INFO] [stdout]   --> src/runtime_game.rs:81:45
[INFO] [stdout]    |
[INFO] [stdout] 81 |     unsafe fn push_function(&mut self, f: lua::CFunction, s: &str) {
[INFO] [stdout]    |                                                ^^^^^^^^^ help: a type alias with a similar name exists: `Function`
[INFO] [stdout]    | 
[INFO] [stdout]   ::: /opt/rustwide/cargo-home/registry/src/github.com-1ecc6299db9ec823/lua-0.0.10/src/ffi/lua.rs:90:1
[INFO] [stdout]    |
[INFO] [stdout] 90 | pub type lua_CFunction = Option<unsafe extern "C" fn(L: *mut lua_State) -> c_int>;
[INFO] [stdout]    | ---------------------------------------------------------------------------------- similarly named type alias `Function` defined here
[INFO] [stdout] 
[INFO] [stdout] 
[INFO] [stdout] warning: unused `#[macro_use]` import
[INFO] [stdout]  --> src/main.rs:5:1
[INFO] [stdout]   |
[INFO] [stdout] 5 | #[macro_use]
[INFO] [stdout]   | ^^^^^^^^^^^^
[INFO] [stdout]   |
[INFO] [stdout]   = note: `#[warn(unused_imports)]` on by default
[INFO] [stdout] 
[INFO] [stdout] 
[INFO] [stdout] warning: unused import: `std::ffi::CString`
[INFO] [stdout]   --> src/main.rs:13:5
[INFO] [stdout]    |
[INFO] [stdout] 13 | use std::ffi::CString;
[INFO] [stdout]    |     ^^^^^^^^^^^^^^^^^
[INFO] [stdout] 
[INFO] [stdout] 
[INFO] [stdout] warning: unused import: `std::io::prelude::*`
[INFO] [stdout]   --> src/main.rs:15:5
[INFO] [stdout]    |
[INFO] [stdout] 15 | use std::io::prelude::*;
[INFO] [stdout]    |     ^^^^^^^^^^^^^^^^^^^
[INFO] [stdout] 
[INFO] [stdout] 
[INFO] [stdout] warning: unused import: `std::fs::File`
[INFO] [stdout]   --> src/main.rs:16:5
[INFO] [stdout]    |
[INFO] [stdout] 16 | use std::fs::File;
[INFO] [stdout]    |     ^^^^^^^^^^^^^
[INFO] [stdout] 
[INFO] [stdout] 
[INFO] [stdout] warning: unused import: `std::process::Command`
[INFO] [stdout]   --> src/main.rs:17:5
[INFO] [stdout]    |
[INFO] [stdout] 17 | use std::process::Command;
[INFO] [stdout]    |     ^^^^^^^^^^^^^^^^^^^^^
[INFO] [stdout] 
[INFO] [stdout] 
[INFO] [stdout] warning: unused import: `std::mem`
[INFO] [stdout]   --> src/main.rs:18:5
[INFO] [stdout]    |
[INFO] [stdout] 18 | use std::mem;
[INFO] [stdout]    |     ^^^^^^^^
[INFO] [stdout] 
[INFO] [stdout] 
[INFO] [stdout] warning: unused import: `std::thread`
[INFO] [stdout]   --> src/main.rs:20:5
[INFO] [stdout]    |
[INFO] [stdout] 20 | use std::thread;
[INFO] [stdout]    |     ^^^^^^^^^^^
[INFO] [stdout] 
[INFO] [stdout] 
[INFO] [stdout] warning: unused import: `config`
[INFO] [stdout]  --> src/runtime_editor.rs:1:5
[INFO] [stdout]   |
[INFO] [stdout] 1 | use config;
[INFO] [stdout]   |     ^^^^^^
[INFO] [stdout] 
[INFO] [stdout] 
[INFO] [stdout] warning: trait objects without an explicit `dyn` are deprecated
[INFO] [stdout]  --> src/memory.rs:7:90
[INFO] [stdout]   |
[INFO] [stdout] 7 |      fn memcpy(&mut self, dest_addr: usize, source_addr: usize, len: usize, source: Option<&Memory>);
[INFO] [stdout]   |                                                                                             ^^^^^^ help: use `dyn`: `dyn Memory`
[INFO] [stdout]   |
[INFO] [stdout]   = note: `#[warn(bare_trait_objects)]` on by default
[INFO] [stdout] 
[INFO] [stdout] 
[INFO] [stdout] error[E0658]: use of unstable library feature 'rustc_private': this crate is being loaded from the sysroot, an unstable location; did you mean to load this crate from crates.io via `Cargo.toml` instead?
[INFO] [stdout]  --> src/main.rs:7:1
[INFO] [stdout]   |
[INFO] [stdout] 7 | extern crate libc;
[INFO] [stdout]   | ^^^^^^^^^^^^^^^^^^
[INFO] [stdout]   |
[INFO] [stdout]   = note: see issue #27812 <https://github.com/rust-lang/rust/issues/27812> for more information
[INFO] [stdout]   = help: add `#![feature(rustc_private)]` to the crate attributes to enable
[INFO] [stdout] 
[INFO] [stdout] 
[INFO] [stdout] error[E0106]: missing lifetime specifier
[INFO] [stdout]   --> src/system_sdl2.rs:17:25
[INFO] [stdout]    |
[INFO] [stdout] 17 |     texture: sdl2::render::Texture,
[INFO] [stdout]    |                            ^^^^^^^ expected named lifetime parameter
[INFO] [stdout]    |
[INFO] [stdout] help: consider using the `'a` lifetime
[INFO] [stdout]    |
[INFO] [stdout] 17 |     texture: sdl2::render::Texture<'a>,
[INFO] [stdout]    |                            ^^^^^^^^^^^
[INFO] [stdout] 
[INFO] [stdout] 
[INFO] [stdout] error[E0412]: cannot find type `Renderer` in module `sdl2::render`
[INFO] [stdout]   --> src/system_sdl2.rs:16:26
[INFO] [stdout]    |
[INFO] [stdout] 16 |     renderer: sdl2::render::Renderer<'a>,
[INFO] [stdout]    |                             ^^^^^^^^ not found in `sdl2::render`
[INFO] [stdout] 
[INFO] [stdout] 
[INFO] [stdout] error[E0412]: cannot find type `ExternState` in crate `lua`
[INFO] [stdout]   --> src/runtime.rs:13:53
[INFO] [stdout]    |
[INFO] [stdout] 13 | pub unsafe fn tolightuserdata_typed<T>(L: &mut lua::ExternState, idx: i32) -> *mut T {
[INFO] [stdout]    |                                                     ^^^^^^^^^^^ not found in `lua`
[INFO] [stdout] 
[INFO] [stdout] 
[INFO] [stdout] error[E0412]: cannot find type `CFunction` in crate `lua`
[INFO] [stdout]   --> src/runtime_game.rs:81:45
[INFO] [stdout]    |
[INFO] [stdout] 81 |     unsafe fn push_function(&mut self, f: lua::CFunction, s: &str) {
[INFO] [stdout]    |                                                ^^^^^^^^^ help: a type alias with a similar name exists: `Function`
[INFO] [stdout]    | 
[INFO] [stdout]   ::: /opt/rustwide/cargo-home/registry/src/github.com-1ecc6299db9ec823/lua-0.0.10/src/ffi/lua.rs:90:1
[INFO] [stdout]    |
[INFO] [stdout] 90 | pub type lua_CFunction = Option<unsafe extern "C" fn(L: *mut lua_State) -> c_int>;
[INFO] [stdout]    | ---------------------------------------------------------------------------------- similarly named type alias `Function` defined here
[INFO] [stdout] 
[INFO] [stdout] 
[INFO] [stdout] warning: unused `#[macro_use]` import
[INFO] [stdout]  --> src/main.rs:5:1
[INFO] [stdout]   |
[INFO] [stdout] 5 | #[macro_use]
[INFO] [stdout]   | ^^^^^^^^^^^^
[INFO] [stdout]   |
[INFO] [stdout]   = note: `#[warn(unused_imports)]` on by default
[INFO] [stdout] 
[INFO] [stdout] 
[INFO] [stdout] warning: unused import: `std::ffi::CString`
[INFO] [stdout]   --> src/main.rs:13:5
[INFO] [stdout]    |
[INFO] [stdout] 13 | use std::ffi::CString;
[INFO] [stdout]    |     ^^^^^^^^^^^^^^^^^
[INFO] [stdout] 
[INFO] [stdout] 
[INFO] [stdout] warning: unused import: `std::io::prelude::*`
[INFO] [stdout]   --> src/main.rs:15:5
[INFO] [stdout]    |
[INFO] [stdout] 15 | use std::io::prelude::*;
[INFO] [stdout]    |     ^^^^^^^^^^^^^^^^^^^
[INFO] [stdout] 
[INFO] [stdout] 
[INFO] [stdout] warning: unused import: `std::fs::File`
[INFO] [stdout]   --> src/main.rs:16:5
[INFO] [stdout]    |
[INFO] [stdout] 16 | use std::fs::File;
[INFO] [stdout]    |     ^^^^^^^^^^^^^
[INFO] [stdout] 
[INFO] [stdout] 
[INFO] [stdout] warning: unused import: `std::process::Command`
[INFO] [stdout]   --> src/main.rs:17:5
[INFO] [stdout]    |
[INFO] [stdout] 17 | use std::process::Command;
[INFO] [stdout]    |     ^^^^^^^^^^^^^^^^^^^^^
[INFO] [stdout] 
[INFO] [stdout] 
[INFO] [stdout] warning: unused import: `std::mem`
[INFO] [stdout]   --> src/main.rs:18:5
[INFO] [stdout]    |
[INFO] [stdout] 18 | use std::mem;
[INFO] [stdout]    |     ^^^^^^^^
[INFO] [stdout] 
[INFO] [stdout] 
[INFO] [stdout] warning: unused import: `std::thread`
[INFO] [stdout]   --> src/main.rs:20:5
[INFO] [stdout]    |
[INFO] [stdout] 20 | use std::thread;
[INFO] [stdout]    |     ^^^^^^^^^^^
[INFO] [stdout] 
[INFO] [stdout] 
[INFO] [stdout] warning: unused import: `config`
[INFO] [stdout]  --> src/runtime_editor.rs:1:5
[INFO] [stdout]   |
[INFO] [stdout] 1 | use config;
[INFO] [stdout]   |     ^^^^^^
[INFO] [stdout] 
[INFO] [stdout] 
[INFO] [stdout] warning: trait objects without an explicit `dyn` are deprecated
[INFO] [stdout]  --> src/memory.rs:7:90
[INFO] [stdout]   |
[INFO] [stdout] 7 |      fn memcpy(&mut self, dest_addr: usize, source_addr: usize, len: usize, source: Option<&Memory>);
[INFO] [stdout]   |                                                                                             ^^^^^^ help: use `dyn`: `dyn Memory`
[INFO] [stdout]   |
[INFO] [stdout]   = note: `#[warn(bare_trait_objects)]` on by default
[INFO] [stdout] 
[INFO] [stdout] 
[INFO] [stdout] error[E0658]: use of unstable library feature 'rustc_private': this crate is being loaded from the sysroot, an unstable location; did you mean to load this crate from crates.io via `Cargo.toml` instead?
[INFO] [stdout]  --> src/main.rs:7:1
[INFO] [stdout]   |
[INFO] [stdout] 7 | extern crate libc;
[INFO] [stdout]   | ^^^^^^^^^^^^^^^^^^
[INFO] [stdout]   |
[INFO] [stdout]   = note: see issue #27812 <https://github.com/rust-lang/rust/issues/27812> for more information
[INFO] [stdout]   = help: add `#![feature(rustc_private)]` to the crate attributes to enable
[INFO] [stdout] 
[INFO] [stdout] 
[INFO] [stdout] error[E0106]: missing lifetime specifier
[INFO] [stdout]   --> src/system_sdl2.rs:17:25
[INFO] [stdout]    |
[INFO] [stdout] 17 |     texture: sdl2::render::Texture,
[INFO] [stdout]    |                            ^^^^^^^ expected named lifetime parameter
[INFO] [stdout]    |
[INFO] [stdout] help: consider using the `'a` lifetime
[INFO] [stdout]    |
[INFO] [stdout] 17 |     texture: sdl2::render::Texture<'a>,
[INFO] [stdout]    |                            ^^^^^^^^^^^
[INFO] [stdout] 
[INFO] [stdout] 
[INFO] [stdout] error[E0599]: no method named `renderer` found for struct `sdl2::video::Window` in the current scope
[INFO] [stdout]   --> src/system_sdl2.rs:45:5
[INFO] [stdout]    |
[INFO] [stdout] 45 |             .renderer()
[INFO] [stdout]    |              ^^^^^^^^ method not found in `sdl2::video::Window`
[INFO] [stdout] 
[INFO] [stdout] 
[INFO] [stdout] error[E0026]: variant `sdl2::event::Event::Window` does not have a field named `win_event_id`
[INFO] [stdout]   --> src/system_sdl2.rs:83:32
[INFO] [stdout]    |
[INFO] [stdout] 83 |                     Event::Window {window_id, win_event_id, ..} => {
[INFO] [stdout]    |                                               ^^^^^^^^^^^^
[INFO] [stdout]    |                                               |
[INFO] [stdout]    |                                               variant `sdl2::event::Event::Window` does not have this field
[INFO] [stdout]    |                                               help: a field with a similar name exists: `win_event`
[INFO] [stdout] 
[INFO] [stdout] 
[INFO] [stdout] error[E0599]: no method named `pushlightuserdata` found for mutable reference `&mut State` in the current scope
[INFO] [stdout]   --> src/runtime.rs:10:7
[INFO] [stdout]    |
[INFO] [stdout] 10 |     L.pushlightuserdata(mem::transmute(ud))
[INFO] [stdout]    |       ^^^^^^^^^^^^^^^^^ help: there is an associated function with a similar name: `push_light_userdata`
[INFO] [stdout] 
[INFO] [stdout] 
[INFO] [stdout] error[E0599]: no method named `openlibs` found for struct `State` in the current scope
[INFO] [stdout]   --> src/runtime_game.rs:20:5
[INFO] [stdout]    |
[INFO] [stdout] 20 |         l.openlibs();
[INFO] [stdout]    |           ^^^^^^^^ help: there is an associated function with a similar name: `open_libs`
[INFO] [stdout] 
[INFO] [stdout] 
[INFO] [stdout] error[E0599]: no method named `getglobal` found for struct `State` in the current scope
[INFO] [stdout]   --> src/runtime_game.rs:42:16
[INFO] [stdout]    |
[INFO] [stdout] 42 |         self.l_state.getglobal("update");
[INFO] [stdout]    |                      ^^^^^^^^^ help: there is an associated function with a similar name: `get_global`
[INFO] [stdout] 
[INFO] [stdout] 
[INFO] [stdout] error[E0599]: no method named `type_` found for struct `State` in the current scope
[INFO] [stdout]   --> src/runtime_game.rs:43:19
[INFO] [stdout]    |
[INFO] [stdout] 43 |         if self.l_state.type_(-1) == Some(lua::Type::Function) {
[INFO] [stdout]    |                         ^^^^^ method not found in `State`
[INFO] [stdout] 
[INFO] [stdout] 
[INFO] [stdout] error[E0599]: no method named `getglobal` found for struct `State` in the current scope
[INFO] [stdout]   --> src/runtime_game.rs:49:16
[INFO] [stdout]    |
[INFO] [stdout] 49 |         self.l_state.getglobal("draw");
[INFO] [stdout]    |                      ^^^^^^^^^ help: there is an associated function with a similar name: `get_global`
[INFO] [stdout] 
[INFO] [stdout] 
[INFO] [stdout] error[E0599]: no method named `type_` found for struct `State` in the current scope
[INFO] [stdout]   --> src/runtime_game.rs:50:19
[INFO] [stdout]    |
[INFO] [stdout] 50 |         if self.l_state.type_(-1) == Some(lua::Type::Function) {
[INFO] [stdout]    |                         ^^^^^ method not found in `State`
[INFO] [stdout] 
[INFO] [stdout] 
[INFO] [stdout] error[E0599]: no function or associated item named `poke` found for struct `RuntimeGame` in the current scope
[INFO] [stdout]   --> src/runtime_game.rs:74:36
[INFO] [stdout]    |
[INFO] [stdout] 10 | pub struct RuntimeGame {
[INFO] [stdout]    | ---------------------- function or associated item `poke` not found for this
[INFO] [stdout] ...
[INFO] [stdout] 74 |             self.push_function(RuntimeGame::poke, "poke");
[INFO] [stdout]    |                                             ^^^^ function or associated item not found in `RuntimeGame`
[INFO] [stdout]    |
[INFO] [stdout]    = help: items from traits can only be used if the trait is implemented and in scope
[INFO] [stdout] note: `Memory` defines an item `poke`, perhaps you need to implement it
[INFO] [stdout]   --> src/memory.rs:3:1
[INFO] [stdout]    |
[INFO] [stdout] 3  | pub trait Memory {
[INFO] [stdout]    | ^^^^^^^^^^^^^^^^
[INFO] [stdout] 
[INFO] [stdout] 
[INFO] [stdout] error[E0599]: no function or associated item named `peek` found for struct `RuntimeGame` in the current scope
[INFO] [stdout]   --> src/runtime_game.rs:75:36
[INFO] [stdout]    |
[INFO] [stdout] 10 | pub struct RuntimeGame {
[INFO] [stdout]    | ---------------------- function or associated item `peek` not found for this
[INFO] [stdout] ...
[INFO] [stdout] 75 |             self.push_function(RuntimeGame::peek, "peek");
[INFO] [stdout]    |                                             ^^^^ function or associated item not found in `RuntimeGame`
[INFO] [stdout]    |
[INFO] [stdout]    = help: items from traits can only be used if the trait is implemented and in scope
[INFO] [stdout] note: `Memory` defines an item `peek`, perhaps you need to implement it
[INFO] [stdout]   --> src/memory.rs:3:1
[INFO] [stdout]    |
[INFO] [stdout] 3  | pub trait Memory {
[INFO] [stdout]    | ^^^^^^^^^^^^^^^^
[INFO] [stdout] 
[INFO] [stdout] 
[INFO] [stdout] error[E0599]: no method named `pushcclosure` found for struct `State` in the current scope
[INFO] [stdout]   --> src/runtime_game.rs:83:16
[INFO] [stdout]    |
[INFO] [stdout] 83 |         self.l_state.pushcclosure(f, 1);
[INFO] [stdout]    |                      ^^^^^^^^^^^^ help: there is an associated function with a similar name: `push_closure`
[INFO] [stdout] 
[INFO] [stdout] 
[INFO] [stdout] error[E0599]: no method named `setglobal` found for struct `State` in the current scope
[INFO] [stdout]   --> src/runtime_game.rs:84:16
[INFO] [stdout]    |
[INFO] [stdout] 84 |         self.l_state.setglobal(s);
[INFO] [stdout]    |                      ^^^^^^^^^ help: there is an associated function with a similar name: `set_global`
[INFO] [stdout] 
[INFO] [stdout] 
[INFO] [stdout] error: aborting due to 19 previous errors; 9 warnings emitted
[INFO] [stdout] 
[INFO] [stdout] 
[INFO] [stdout] Some errors have detailed explanations: E0026, E0106, E0412, E0432, E0599, E0658.
[INFO] [stdout] 
[INFO] [stdout] For more information about an error, try `rustc --explain E0026`.
[INFO] [stdout] 
[INFO] [stderr] error: could not compile `rosebud`.
[INFO] [stderr] 
[INFO] [stderr] To learn more, run the command again with --verbose.
[INFO] [stderr] warning: build failed, waiting for other jobs to finish...
[INFO] [stdout] error[E0599]: no method named `renderer` found for struct `sdl2::video::Window` in the current scope
[INFO] [stdout]   --> src/system_sdl2.rs:45:5
[INFO] [stdout]    |
[INFO] [stdout] 45 |             .renderer()
[INFO] [stdout]    |              ^^^^^^^^ method not found in `sdl2::video::Window`
[INFO] [stdout] 
[INFO] [stdout] 
[INFO] [stdout] error[E0026]: variant `sdl2::event::Event::Window` does not have a field named `win_event_id`
[INFO] [stdout]   --> src/system_sdl2.rs:83:32
[INFO] [stdout]    |
[INFO] [stdout] 83 |                     Event::Window {window_id, win_event_id, ..} => {
[INFO] [stdout]    |                                               ^^^^^^^^^^^^
[INFO] [stdout]    |                                               |
[INFO] [stdout]    |                                               variant `sdl2::event::Event::Window` does not have this field
[INFO] [stdout]    |                                               help: a field with a similar name exists: `win_event`
[INFO] [stdout] 
[INFO] [stdout] 
[INFO] [stdout] error[E0599]: no method named `pushlightuserdata` found for mutable reference `&mut State` in the current scope
[INFO] [stdout]   --> src/runtime.rs:10:7
[INFO] [stdout]    |
[INFO] [stdout] 10 |     L.pushlightuserdata(mem::transmute(ud))
[INFO] [stdout]    |       ^^^^^^^^^^^^^^^^^ help: there is an associated function with a similar name: `push_light_userdata`
[INFO] [stdout] 
[INFO] [stdout] 
[INFO] [stdout] error[E0599]: no method named `openlibs` found for struct `State` in the current scope
[INFO] [stdout]   --> src/runtime_game.rs:20:5
[INFO] [stdout]    |
[INFO] [stdout] 20 |         l.openlibs();
[INFO] [stdout]    |           ^^^^^^^^ help: there is an associated function with a similar name: `open_libs`
[INFO] [stdout] 
[INFO] [stdout] 
[INFO] [stdout] error[E0599]: no method named `getglobal` found for struct `State` in the current scope
[INFO] [stdout]   --> src/runtime_game.rs:42:16
[INFO] [stdout]    |
[INFO] [stdout] 42 |         self.l_state.getglobal("update");
[INFO] [stdout]    |                      ^^^^^^^^^ help: there is an associated function with a similar name: `get_global`
[INFO] [stdout] 
[INFO] [stdout] 
[INFO] [stdout] error[E0599]: no method named `type_` found for struct `State` in the current scope
[INFO] [stdout]   --> src/runtime_game.rs:43:19
[INFO] [stdout]    |
[INFO] [stdout] 43 |         if self.l_state.type_(-1) == Some(lua::Type::Function) {
[INFO] [stdout]    |                         ^^^^^ method not found in `State`
[INFO] [stdout] 
[INFO] [stdout] 
[INFO] [stdout] error[E0599]: no method named `getglobal` found for struct `State` in the current scope
[INFO] [stdout]   --> src/runtime_game.rs:49:16
[INFO] [stdout]    |
[INFO] [stdout] 49 |         self.l_state.getglobal("draw");
[INFO] [stdout]    |                      ^^^^^^^^^ help: there is an associated function with a similar name: `get_global`
[INFO] [stdout] 
[INFO] [stdout] 
[INFO] [stdout] error[E0599]: no method named `type_` found for struct `State` in the current scope
[INFO] [stdout]   --> src/runtime_game.rs:50:19
[INFO] [stdout]    |
[INFO] [stdout] 50 |         if self.l_state.type_(-1) == Some(lua::Type::Function) {
[INFO] [stdout]    |                         ^^^^^ method not found in `State`
[INFO] [stdout] 
[INFO] [stdout] 
[INFO] [stdout] error[E0599]: no function or associated item named `poke` found for struct `RuntimeGame` in the current scope
[INFO] [stdout]   --> src/runtime_game.rs:74:36
[INFO] [stdout]    |
[INFO] [stdout] 10 | pub struct RuntimeGame {
[INFO] [stdout]    | ---------------------- function or associated item `poke` not found for this
[INFO] [stdout] ...
[INFO] [stdout] 74 |             self.push_function(RuntimeGame::poke, "poke");
[INFO] [stdout]    |                                             ^^^^ function or associated item not found in `RuntimeGame`
[INFO] [stdout]    |
[INFO] [stdout]    = help: items from traits can only be used if the trait is implemented and in scope
[INFO] [stdout] note: `Memory` defines an item `poke`, perhaps you need to implement it
[INFO] [stdout]   --> src/memory.rs:3:1
[INFO] [stdout]    |
[INFO] [stdout] 3  | pub trait Memory {
[INFO] [stdout]    | ^^^^^^^^^^^^^^^^
[INFO] [stdout] 
[INFO] [stdout] 
[INFO] [stdout] error[E0599]: no function or associated item named `peek` found for struct `RuntimeGame` in the current scope
[INFO] [stdout]   --> src/runtime_game.rs:75:36
[INFO] [stdout]    |
[INFO] [stdout] 10 | pub struct RuntimeGame {
[INFO] [stdout]    | ---------------------- function or associated item `peek` not found for this
[INFO] [stdout] ...
[INFO] [stdout] 75 |             self.push_function(RuntimeGame::peek, "peek");
[INFO] [stdout]    |                                             ^^^^ function or associated item not found in `RuntimeGame`
[INFO] [stdout]    |
[INFO] [stdout]    = help: items from traits can only be used if the trait is implemented and in scope
[INFO] [stdout] note: `Memory` defines an item `peek`, perhaps you need to implement it
[INFO] [stdout]   --> src/memory.rs:3:1
[INFO] [stdout]    |
[INFO] [stdout] 3  | pub trait Memory {
[INFO] [stdout]    | ^^^^^^^^^^^^^^^^
[INFO] [stdout] 
[INFO] [stdout] 
[INFO] [stdout] error[E0599]: no method named `pushcclosure` found for struct `State` in the current scope
[INFO] [stdout]   --> src/runtime_game.rs:83:16
[INFO] [stdout]    |
[INFO] [stdout] 83 |         self.l_state.pushcclosure(f, 1);
[INFO] [stdout]    |                      ^^^^^^^^^^^^ help: there is an associated function with a similar name: `push_closure`
[INFO] [stdout] 
[INFO] [stdout] 
[INFO] [stdout] error[E0599]: no method named `setglobal` found for struct `State` in the current scope
[INFO] [stdout]   --> src/runtime_game.rs:84:16
[INFO] [stdout]    |
[INFO] [stdout] 84 |         self.l_state.setglobal(s);
[INFO] [stdout]    |                      ^^^^^^^^^ help: there is an associated function with a similar name: `set_global`
[INFO] [stdout] 
[INFO] [stdout] 
[INFO] [stdout] error: aborting due to 19 previous errors; 9 warnings emitted
[INFO] [stdout] 
[INFO] [stdout] 
[INFO] [stdout] Some errors have detailed explanations: E0026, E0106, E0412, E0432, E0599, E0658.
[INFO] [stdout] 
[INFO] [stdout] For more information about an error, try `rustc --explain E0026`.
[INFO] [stdout] 
[INFO] [stderr] error: build failed
[INFO] running `Command { std: "docker" "inspect" "93196f9a2d65314dc1240e96af858ae1346a1b04c314c7800200a92274919f3b", kill_on_drop: false }`
[INFO] running `Command { std: "docker" "rm" "-f" "93196f9a2d65314dc1240e96af858ae1346a1b04c314c7800200a92274919f3b", kill_on_drop: false }`
[INFO] [stdout] 93196f9a2d65314dc1240e96af858ae1346a1b04c314c7800200a92274919f3b
